{"id":721,"date":"2019-02-23T09:44:10","date_gmt":"2019-02-23T08:44:10","guid":{"rendered":"https:\/\/www.dorpsraadhm.nl\/staging\/?page_id=721"},"modified":"2023-02-05T12:54:01","modified_gmt":"2023-02-05T11:54:01","slug":"bankroof-van-1944","status":"publish","type":"page","link":"https:\/\/www.dorpsraadhm.nl\/staging\/historie\/bankroof-van-1944\/","title":{"rendered":"Bankroof van 1944"},"content":{"rendered":"<div class=\"wpb-content-wrapper\"><p>[vc_row][vc_column width=&#8221;2\/3&#8243;][vc_column_text]<\/p>\n<h2>De grote kraak<\/h2>\n<p>(Een verhaal behorende bij de dorpsmarkering van Harbrinkhoek-Mariaparochie, de kluis bij de parkeerplaats van MVV\u201929).<\/p>\n<p>Het jaar 2000. De gemeente Tubbergen wil de overgang van de 20e naar de 21e eeuw markeren. Ze treedt als zelfstandige gemeente de toekomst tegemoet met 9 kernen die elk een eigen identiteit hebben. Maar die ook onderling sterk verbonden zijn. Voor het gemeentebestuur een goede reden om stevig in beeldende kunst te investeren, in elke kern een uiting als bindend element. Anne Hilderink (Kloosterburen) maakte een plan waarmee de gemeente Tubbergen haar ambities kon realiseren. Zij op haar beurt vroeg Gert Sennema (Grijpskerk) om voor alle negen kernen van de gemeente Tubbergen op basis van oude en nieuwe verhalen een beeld te maken. Een beeld dat de identiteit van de eigen kern op een eigentijdse manier tot spreken brengt. De eerste dorpsmarkering die vervaardigd werd was de kluis ofwel de brandkast van Harbrinkhoek.<\/p>\n<p>In de hoek op het terras van Caf\u00e9 Partycentrum de Spar staat een verlaten brandkast ( dit was de oorspronkelijk plek van de kluis). Uitgevoerd in ongenaakbaar Belgisch hardsteen met bronzen details. De kijker is verrast. Wat is hier aan de hand? Sennema hoorde in Harbrinkhoek-Mariaparochie het verhaal van de grote kraak. De spoorwegstaking was uitgeroepen en er was veel geld voor nodig om voedsel en kleding aan te schaffen voor de ondergedoken spoorwegbeambten en hun gezinnen.<\/p>\n<p>In het najaar van 1944 beraamden leden van de K.P. (Knokploeg) Almelo en omgeving in caf\u00e9 de Kr\u00f6n (caf\u00e9 Frielink) in Harbrinkhoek, een overval op het Almeloos bijkantoor van de Nederlandse Bank. Op 15 november was het zover. Alles liep volgens plan. De buit bedroeg het voor die tijd ongehoorde bedrag van 46,1 miljoen gulden, omgerekend naar euro\u2019s, een kleine 21 miljoen. De KP verstopte de buit in een hooiberg, de operatie leek succesvol verlopen. Twee weken later ging het mis. Toen werd de groep alsnog opgerold en naar een concentratiekamp gedeporteerd. Slechts \u00e9\u00e9n man, Hendrik Frielink, overleefde dat.<\/p>\n<p>Harbrinkhoek-Mariaparochie, dat aan de rand van de gemeentegrenzen ligt- de kerk ligt zelfs op Almelose grond-, stapte met deze kraak de wereldgeschiedenis binnen. De thema\u2019s oorlog en vrede, de rechtmatigheid van verzet en het gebruik van geweld worden hier ter discussie gesteld. Heftige thema\u2019s, actuele thema\u2019s ook. De rust en de vrede van het platteland zijn soms een illusie. Sennema is geen zedenmeester. Hij kent het verhaal maar gaat niet verder dan het beeld van een gesloten brandkast. Hij gebruikt daarbij een beeldtaal die aansluit bij die van een stripverhaal. De onverwachte plaats van de brandkast wekt de nieuwsgierigheid.<\/p>\n<p>Wat doet dat ding dichtbij de Spar, zijn dieven bij hun werk gestoord misschien? Ja, in wezen is hun actie mislukt, al zag het er even heel anders uit. En tenslotte, waarom staat de deur op een kier en kun je er toch niet bij? Het verleden is afgesloten. De vraag naar de inhoud, naar het verhaal, naar alle andere verhalen van toen moet steeds weer gesteld worden.[\/vc_column_text][\/vc_column][vc_column width=&#8221;1\/3&#8243;][vc_custom_heading text=&#8221;<strong>Gerelateerd aan de bankroof<\/strong>&#8221; font_container=&#8221;tag:h3|text_align:left&#8221; use_theme_fonts=&#8221;yes&#8221;][vc_custom_heading text=&#8221;Documentaire&#8221; font_container=&#8221;tag:h4|text_align:left&#8221; use_theme_fonts=&#8221;yes&#8221;][vc_video link=&#8221;https:\/\/www.youtube.com\/watch?v=01BUeE8RJtg&#8221;][vc_custom_heading text=&#8221;Musical Het Verzet Kraakt&#8221; font_container=&#8221;tag:h4|text_align:left&#8221; use_theme_fonts=&#8221;yes&#8221;][vc_video link=&#8221;https:\/\/www.youtube.com\/watch?v=UyR2ouaamNQ&#8221;][\/vc_column][\/vc_row]<\/p>\n<\/div>","protected":false},"excerpt":{"rendered":"<p>[vc_row][vc_column width=&#8221;2\/3&#8243;][vc_column_text] De grote kraak (Een verhaal behorende bij de dorpsmarkering van Harbrinkhoek-Mariaparochie, de kluis bij de parkeerplaats van MVV\u201929). Het jaar 2000. De gemeente Tubbergen wil de overgang van de 20e naar de 21e eeuw markeren. Ze treedt als zelfstandige gemeente de toekomst tegemoet met 9 kernen die elk een eigen identiteit hebben. Maar&hellip;<\/p>\n","protected":false},"author":1,"featured_media":0,"parent":722,"menu_order":0,"comment_status":"closed","ping_status":"closed","template":"","meta":{"footnotes":""},"class_list":["post-721","page","type-page","status-publish","hentry","description-off"],"_links":{"self":[{"href":"https:\/\/www.dorpsraadhm.nl\/staging\/wp-json\/wp\/v2\/pages\/721","targetHints":{"allow":["GET"]}}],"collection":[{"href":"https:\/\/www.dorpsraadhm.nl\/staging\/wp-json\/wp\/v2\/pages"}],"about":[{"href":"https:\/\/www.dorpsraadhm.nl\/staging\/wp-json\/wp\/v2\/types\/page"}],"author":[{"embeddable":true,"href":"https:\/\/www.dorpsraadhm.nl\/staging\/wp-json\/wp\/v2\/users\/1"}],"replies":[{"embeddable":true,"href":"https:\/\/www.dorpsraadhm.nl\/staging\/wp-json\/wp\/v2\/comments?post=721"}],"version-history":[{"count":10,"href":"https:\/\/www.dorpsraadhm.nl\/staging\/wp-json\/wp\/v2\/pages\/721\/revisions"}],"predecessor-version":[{"id":731,"href":"https:\/\/www.dorpsraadhm.nl\/staging\/wp-json\/wp\/v2\/pages\/721\/revisions\/731"}],"up":[{"embeddable":true,"href":"https:\/\/www.dorpsraadhm.nl\/staging\/wp-json\/wp\/v2\/pages\/722"}],"wp:attachment":[{"href":"https:\/\/www.dorpsraadhm.nl\/staging\/wp-json\/wp\/v2\/media?parent=721"}],"curies":[{"name":"wp","href":"https:\/\/api.w.org\/{rel}","templated":true}]}}